st common factor of 672 and 912688?
112
What is the greatest common factor of 430319 and 1?
1
What is the highest common divisor of 1580936 and 2616?
872
Calculate the highest common divisor of 1288006157 and 18454.
9227
What is the greatest common factor of 147 and 132604101?
21
Calculate the highest common divisor of 13361830 and 87397.
901
What is the highest common divisor of 5313698 and 65570?
158
Calculate the greatest common divisor of 42275 and 104671.
19
What is the greatest common divisor of 5325 and 218516700?
5325
Calculate the highest common divisor of 2637 and 18209071.
293
Calculate the highest common divisor of 2939490 and 486324.
3078
Calculate the greatest common factor of 712968 and 43464.
24
Calculate the highest common factor of 267888422 and 113.
113
What is the highest common divisor of 16344 and 1386144?
72
What is the highest common factor of 277 and 27257908?
277
Calculate the highest common divisor of 203 and 96144744.
29
What is the greatest common divisor of 3463090 and 290?
10
Calculate the greatest common divisor of 23370 and 46146402.
4674
Calculate the greatest common factor of 1283113860 and 6456.
3228
What is the greatest common divisor of 228304694 and 674?
674
What is the greatest common divisor of 5328 and 105120108?
1332
What is the highest common divisor of 9575 and 96535150?
9575
Calculate the highest common factor of 603 and 52493763.
201
What is the greatest common factor of 22896 and 3176343?
477
What is the highest common divisor of 8 and 42535630?
2
Calculate the greatest common divisor of 4220 and 41726305.
1055
What is the greatest common divisor of 33 and 1603455?
3
What is the greatest common divisor of 6052 and 1066172?
68
What is the greatest common factor of 2844 and 28284?
12
What is the highest common divisor of 36 and 441436?
4
What is the greatest common factor of 63 and 10892049?
21
What is the highest common divisor of 1862 and 258058?
38
What is the greatest common divisor of 1323 and 2008167?
147
What is the greatest common factor of 72232512 and 8349?
759
What is the highest common divisor of 4864584 and 1768?
136
What is the greatest common factor of 30 and 28376490?
30
Calculate the highest common factor of 55 and 8499161.
11
Calculate the greatest common divisor of 29478 and 5082354.
1734
Calculate the highest common factor of 561852 and 936.
36
Calculate the greatest common divisor of 796832 and 110186.
74
Calculate the highest common factor of 75799 and 605476.
229
What is the highest common factor of 35 and 44576952?
7
Calculate the greatest common divisor of 14821968 and 392.
56
Calculate the greatest common divisor of 223733 and 687.
229
What is the greatest common factor of 5464671 and 2173?
53
Calculate the highest common factor of 150397 and 4966.
13
Calculate the greatest common factor of 1425 and 10111800.
1425
What is the greatest common factor of 12305 and 7255120?
115
What is the greatest common factor of 1069035 and 1914033?
1023
Calculate the highest common divisor of 288103 and 305.
61
Calculate the greatest common factor of 1096816 and 1421.
49
What is the greatest common factor of 108975588 and 1161?
129
Calculate the highest common factor of 807611 and 211988.
791
What is the highest common divisor of 15 and 9743435?
5
Calculate the greatest common divisor of 36 and 8603841.
3
Calculate the highest common factor of 296372083 and 19082.
9541
Calculate the greatest common divisor of 255 and 69205.
5
Calculate the highest common factor of 14981 and 12482338.
211
Calculate the greatest common divisor of 16785881 and 392.
49
What is the greatest common factor of 431976198 and 37385?
7477
What is the greatest common divisor of 327497 and 39771?
491
Calculate the greatest common divisor of 17715411 and 278.
139
What is the highest common factor of 279491 and 192215?
1039
What is the greatest common divisor of 1035892 and 66?
22
What is the highest common divisor of 1476 and 2721539?
41
Calculate the greatest common factor of 29312 and 13278976.
128
What is the highest common divisor of 6426375 and 1375?
125
Calculate the greatest common divisor of 301076412 and 1.
1
What is the greatest common factor of 2704 and 83658?
2
Calculate the highest common divisor of 7035840 and 8.
8
Calculate the greatest common factor of 658 and 10101287.
329
Calculate the highest common factor of 100190407 and 5293.
79
Calculate the highest common divisor of 91008 and 86832.
144
What is the highest common factor of 153365688 and 4410?
882
What is the greatest common divisor of 127757 and 143?
1
Calculate the highest common factor of 625045 and 27798.
41
Calculate the highest common divisor of 5184 and 64567872.
576
Calculate the greatest common divisor of 432 and 2404296.
216
What is the highest common factor of 48564 and 5772726?
1278
What is the highest common divisor of 198993 and 5424?
339
What is the highest common divisor of 134456 and 514136?
56
What is the highest common factor of 4726792 and 14?
14
What is the highest common divisor of 1547884 and 1088?
68
Calculate the greatest common divisor of 536976 and 1224.
72
What is the highest common factor of 6 and 126115200?
6
Calculate the greatest common divisor of 364 and 32773.
13
Calculate the greatest common factor of 107226 and 749546.
518
Calculate the greatest common factor of 13032858 and 69.
69
What is the greatest common divisor of 1584734 and 10256894?
5162
What is the greatest common divisor of 1479781747 and 1543?
1543
What is the highest common divisor of 135 and 42747615?
135
Calculate the highest common factor of 127467568 and 80.
16
What is the greatest common divisor of 1118117 and 5629?
13
What is the greatest common divisor of 163306640 and 160?
80
What is the greatest common divisor of 455184128 and 140?
28
What is the greatest common factor of 9825 and 278811885?
1965
What is the greatest common divisor of 339343 and 7?
1
What is the greatest common factor of 3275835 and 855?
15
What is the greatest common factor of 533336 and 137424?
3272
Calculate the greatest common factor of 425 and 1097027.
17
Calculate the highest common factor of 399 and 1084867.
7
Calculate the greatest common divisor of 5688 and 102.
6
What is the highest common factor of 660 and 849265692?
132
Calculate the highest common divisor of 2204 and 16781332.
76
What is the highest common factor of 1824074276 and 172?
172
Calculate the greatest common divisor of 7423734 and 268.
134
What is the greatest common divisor of 439059205 and 325?
65
What is the highest common divisor of 212 and 828343996?
212
Calculate the greatest common divisor of 5751 and 3016719.
639
What is the greatest common divisor of 3658 and 1845926?
62
What is the greatest common factor of 62995 and 3132550?
215
Calculate the greatest common factor of 21252972 and 96.
12
Calculate the greatest common divisor of 108 and 4534218.
54
What is the greatest common divisor of 1555052 and 39818?
86
What is the greatest common divisor of 4370 and 4877585?
95
Calculate the highest common divisor of 7088 and 328847760.
7088
Calculate the greatest common divisor of 765 and 26364645.
45
What is the greatest common factor of 96 and 199692448?
32
Calculate the greatest common factor of 1227976420 and 220.
220
Calculate the greatest common divisor of 333120 and 4171200.
960
Calculate the greatest common factor of 623 and 24788992.
89
What is the greatest common factor of 104596 and 181057?
331
What is the greatest common divisor of 638576 and 136?
8
What is the greatest common factor of 34517 and 1407?
7
What is the greatest common divisor of 3556584 and 3398934?
6306
Calculate the highest common divisor of 72976 and 392.
8
What is the highest common divisor of 77185182 and 1406?
1406
What is the highest common divisor of 77522 and 18094?
166
What is the highest common divisor of 1382960 and 72983?
59
What is the highest common factor of 248510266 and 1271?
41
What is the highest common divisor of 1295544 and 60?
12
Calculate the highest common factor of 437 and 13242506.
19
Calculate the greatest common factor of 8610454 and 14.
2
What is the highest common divisor of 13704 and 10458144?
24
What is the highest common divisor of 1525 and 4182770?
305
What is the greatest common facto